{"id":3232,"date":"2021-11-08T11:05:46","date_gmt":"2021-11-08T10:05:46","guid":{"rendered":"https:\/\/catedraldemallorca.org\/historia\/"},"modified":"2022-10-24T08:26:26","modified_gmt":"2022-10-24T06:26:26","slug":"historia","status":"publish","type":"page","link":"https:\/\/catedraldemallorca.org\/ca\/catedral\/historia\/","title":{"rendered":"Hist\u00f2ria"},"content":{"rendered":"<p>[et_pb_section fb_built=\u00bb1&#8243; _builder_version=\u00bb4.16&#8243; _module_preset=\u00bbdefault\u00bb custom_padding=\u00bb20px||||false|false\u00bb global_colors_info=\u00bb{}\u00bb][et_pb_row _builder_version=\u00bb4.16&#8243; _module_preset=\u00bbdefault\u00bb global_colors_info=\u00bb{}\u00bb][et_pb_column type=\u00bb4_4&#8243; _builder_version=\u00bb4.16&#8243; _module_preset=\u00bbdefault\u00bb global_colors_info=\u00bb{}\u00bb][et_pb_text _builder_version=\u00bb4.16.0&#8243; _module_preset=\u00bbdefault\u00bb text_font=\u00bb||||||||\u00bb text_text_color=\u00bb#000000&#8243; text_font_size=\u00bb16px\u00bb global_colors_info=\u00bb{}\u00bb]<\/p>\n<p>La Catedral de Mallorca comen\u00e7\u00e0 la seva construcci\u00f3 en el segle XIII i es va concloure en la d\u00e8cada de 1630. La Catedral pertany a la tradici\u00f3 g\u00f2tica mediterr\u00e0nia, per\u00f2 al llarg dels segles, ha incorporat les formes culturals de les \u00e8poques moderna i contempor\u00e0nia.<\/p>\n<p>La hist\u00f2ria de la Seu est\u00e0 \u00edntimament lligada a la monarquia aut\u00f2ctona. Despr\u00e9s de la conquesta de Madina Mayurqa el 1229, Jaume I, rei d&#8217;Arag\u00f3 i comte de Barcelona, orden\u00e0 la consagraci\u00f3 de l&#8217;antiga mesquita major a la Mare de D\u00e9u com a temple per al culte cristi\u00e0 i tamb\u00e9 la construcci\u00f3 de nova planta d\u2019un altre temple que fos conforme a l&#8217;estil d&#8217;aquella \u00e8poca, aprofitant part de l\u2019espai de l\u2019antiga mesquita.<\/p>\n<p>[\/et_pb_text][\/et_pb_column][\/et_pb_row][et_pb_row column_structure=\u00bb2_3,1_3&#8243; _builder_version=\u00bb4.16&#8243; _module_preset=\u00bbdefault\u00bb custom_padding=\u00bb||0px|||\u00bb global_colors_info=\u00bb{}\u00bb][et_pb_column type=\u00bb2_3&#8243; _builder_version=\u00bb4.16&#8243; _module_preset=\u00bbdefault\u00bb global_colors_info=\u00bb{}\u00bb][et_pb_text _builder_version=\u00bb4.16&#8243; _module_preset=\u00bbdefault\u00bb header_font=\u00bbGotham Medium||||||||\u00bb header_font_size=\u00bb38px\u00bb header_2_font_size=\u00bb22px\u00bb global_colors_info=\u00bb{}\u00bb]<\/p>\n<h2><strong><span lang=\"CA\">Segles XIII &#8211; XIV<\/span><\/strong><\/h2>\n<p>[\/et_pb_text][et_pb_text _builder_version=\u00bb4.16.0&#8243; _module_preset=\u00bbdefault\u00bb text_font=\u00bbGothamBook||||||||\u00bb text_text_color=\u00bb#000000&#8243; text_font_size=\u00bb16px\u00bb hover_enabled=\u00bb0&#8243; global_colors_info=\u00bb{}\u00bb sticky_enabled=\u00bb0&#8243;]Els primers documents hist\u00f2rics relacionats amb l&#8217;obra de la Seu daten a partir del 1230. El bisbe Pere de Morella consagr\u00e0 l&#8217;ara de l&#8217;altar major. I durant el regnat de Jaume II (1276-1311) comen\u00e7\u00e0 la construcci\u00f3 de l&#8217;edifici que coneixem avui.<\/p>\n<p>Devers la segona meitat del segle XIII, s&#8217;inici\u00e0 la nova f\u00e0brica, localitzada en l&#8217;actual cap\u00e7alera. Aquesta est\u00e0 integrada per la Capella Reial i conserva l&#8217;espai destinat als sepulcres dels monarques de la Casa Reial de Mallorca. \u00c9s coneguda com la Capella de la Trinitat.[\/et_pb_text][\/et_pb_column][et_pb_column type=\u00bb1_3&#8243; _builder_version=\u00bb4.16&#8243; _module_preset=\u00bbdefault\u00bb global_colors_info=\u00bb{}\u00bb][et_pb_image src=\u00bbhttps:\/\/catedraldemallorca.org\/wp-content\/uploads\/2021\/08\/Catedral_palma_fachada_original.jpg\u00bb title_text=\u00bbCatedral_palma_fachada_original\u00bb _builder_version=\u00bb4.16&#8243; _module_preset=\u00bbdefault\u00bb global_colors_info=\u00bb{}\u00bb][\/et_pb_image][\/et_pb_column][\/et_pb_row][et_pb_row _builder_version=\u00bb4.16&#8243; _module_preset=\u00bbdefault\u00bb global_colors_info=\u00bb{}\u00bb][et_pb_column type=\u00bb4_4&#8243; _builder_version=\u00bb4.16&#8243; _module_preset=\u00bbdefault\u00bb global_colors_info=\u00bb{}\u00bb][et_pb_text _builder_version=\u00bb4.16&#8243; _module_preset=\u00bbdefault\u00bb header_font=\u00bbGotham Medium||||||||\u00bb header_font_size=\u00bb38px\u00bb header_2_font_size=\u00bb22px\u00bb global_colors_info=\u00bb{}\u00bb]<\/p>\n<h2 style=\"font-weight: 300;\"><b><strong>Segles<\/strong><\/b><b><strong> XV \u2013 XVI<\/strong><\/b><\/h2>\n<p>[\/et_pb_text][et_pb_text _builder_version=\u00bb4.16.0&#8243; _module_preset=\u00bbdefault\u00bb text_font=\u00bbGothamBook||||||||\u00bb text_text_color=\u00bb#000000&#8243; text_font_size=\u00bb16px\u00bb hover_enabled=\u00bb0&#8243; global_colors_info=\u00bb{}\u00bb sticky_enabled=\u00bb0&#8243;]<\/p>\n<p style=\"font-weight: 300;\">En el 1498 es finalitz\u00e0 l&#8217;obra de la torre del campanar. Consta de nou campanes, la major \u00e9s coneguda com Eloi.<\/p>\n<p style=\"font-weight: 300;\">En el segle XV, es conclou la part constructiva corresponent a la <em>Obra vella <\/em>de la Seu, que incorpora l&#8217;espai fins els dos portals: el del Mirador i el de l&#8217;Almoina.<\/p>\n<p style=\"font-weight: 300;\">A principis del segle XVI es va iniciar la construcci\u00f3 del recinte del cor en el centre de la nau principal.<\/p>\n<p style=\"font-weight: 300;\">Des de la d\u00e8cada de 1570, es decideix la finalitzaci\u00f3 constructiva de la Catedral amb la f\u00e0brica de la <em>Obra Nova,que integra les quatre darreres navades, aixeca la fa\u00e7ana principal i basteix el seu portal major.<\/em><\/p>\n<p>[\/et_pb_text][\/et_pb_column][\/et_pb_row][et_pb_row column_structure=\u00bb2_3,1_3&#8243; _builder_version=\u00bb4.16&#8243; _module_preset=\u00bbdefault\u00bb custom_padding=\u00bb||0px|||\u00bb global_colors_info=\u00bb{}\u00bb][et_pb_column type=\u00bb2_3&#8243; _builder_version=\u00bb4.16&#8243; _module_preset=\u00bbdefault\u00bb global_colors_info=\u00bb{}\u00bb][et_pb_text _builder_version=\u00bb4.16&#8243; _module_preset=\u00bbdefault\u00bb header_font=\u00bbGotham Medium||||||||\u00bb header_font_size=\u00bb38px\u00bb header_2_font_size=\u00bb22px\u00bb global_colors_info=\u00bb{}\u00bb]<\/p>\n<h2 style=\"font-weight: 300;\"><b><strong>Segles<\/strong><\/b><b><strong> XVII \u2013 XVIII<\/strong><\/b><\/h2>\n<p>[\/et_pb_text][et_pb_text _builder_version=\u00bb4.16.0&#8243; _module_preset=\u00bbdefault\u00bb text_font=\u00bbGothamBook||||||||\u00bb text_text_color=\u00bb#000000&#8243; text_font_size=\u00bb16px\u00bb hover_enabled=\u00bb0&#8243; global_colors_info=\u00bb{}\u00bb sticky_enabled=\u00bb0&#8243;]<\/p>\n<p style=\"font-weight: 300;\">\u00c9s durant els segles XVII i XVIII quan el barroc comen\u00e7a a impregnar l&#8217;interior de la Seu, en forma de retaules, pintures i escultures marcades per l&#8217;espiritualitat post-tridentina.<\/p>\n<p style=\"font-weight: 300;\">D&#8217;aquesta \u00e8poca s&#8217;han de destacar peces tan emblem\u00e0tiques com el retaule del Corpus Christi, el claustre i la nova sala capitular.<\/p>\n<p style=\"font-weight: 300;\">\u00a0<\/p>\n<p>[\/et_pb_text][\/et_pb_column][et_pb_column type=\u00bb1_3&#8243; _builder_version=\u00bb4.16&#8243; _module_preset=\u00bbdefault\u00bb global_colors_info=\u00bb{}\u00bb][et_pb_image src=\u00bbhttps:\/\/catedraldemallorca.org\/wp-content\/uploads\/2021\/08\/Seu_Obres_SXIX.jpg\u00bb title_text=\u00bbSeu_Obres_SXIX\u00bb _builder_version=\u00bb4.16&#8243; _module_preset=\u00bbdefault\u00bb global_colors_info=\u00bb{}\u00bb][\/et_pb_image][\/et_pb_column][\/et_pb_row][et_pb_row _builder_version=\u00bb4.16&#8243; _module_preset=\u00bbdefault\u00bb custom_margin=\u00bb|auto|20px|auto|false|false\u00bb custom_padding=\u00bb||0px||false|false\u00bb global_colors_info=\u00bb{}\u00bb][et_pb_column type=\u00bb4_4&#8243; _builder_version=\u00bb4.16&#8243; _module_preset=\u00bbdefault\u00bb global_colors_info=\u00bb{}\u00bb][et_pb_text _builder_version=\u00bb4.16&#8243; _module_preset=\u00bbdefault\u00bb header_font=\u00bbGotham Medium||||||||\u00bb header_font_size=\u00bb38px\u00bb header_2_font_size=\u00bb22px\u00bb global_colors_info=\u00bb{}\u00bb]<\/p>\n<h2 style=\"font-weight: 300;\"><b><strong>Segle<\/strong><\/b><b><strong> XIX<\/strong><\/b><\/h2>\n<p>[\/et_pb_text][et_pb_text _builder_version=\u00bb4.16.0&#8243; _module_preset=\u00bbdefault\u00bb text_font=\u00bbGothamBook||||||||\u00bb text_text_color=\u00bb#000000&#8243; text_font_size=\u00bb16px\u00bb custom_margin=\u00bb||2px|||\u00bb hover_enabled=\u00bb0&#8243; global_colors_info=\u00bb{}\u00bb sticky_enabled=\u00bb0&#8243;]A causa de la runa hist\u00f2rica de la f\u00e0brica constructiva, i agreujada pel terratr\u00e8mol de 1851, el conjunt de la fa\u00e7ana principal es pos\u00e0 en perill. La restauraci\u00f3 monumental de la Catedral, amb la nova fa\u00e7ana principal, va ser obra de l&#8217;arquitecte madrileny Juan Bautista Peyronnet.[\/et_pb_text][\/et_pb_column][\/et_pb_row][et_pb_row column_structure=\u00bb2_3,1_3&#8243; _builder_version=\u00bb4.16&#8243; _module_preset=\u00bbdefault\u00bb global_colors_info=\u00bb{}\u00bb][et_pb_column type=\u00bb2_3&#8243; _builder_version=\u00bb4.16&#8243; _module_preset=\u00bbdefault\u00bb global_colors_info=\u00bb{}\u00bb][et_pb_text _builder_version=\u00bb4.16&#8243; _module_preset=\u00bbdefault\u00bb header_font=\u00bbGotham Medium||||||||\u00bb header_font_size=\u00bb38px\u00bb header_2_font_size=\u00bb22px\u00bb global_colors_info=\u00bb{}\u00bb]<\/p>\n<h2 style=\"font-weight: 300;\"><b><strong>Segles XX-XXI<\/strong><\/b><\/h2>\n<p>[\/et_pb_text][et_pb_text _builder_version=\u00bb4.16.0&#8243; _module_preset=\u00bbdefault\u00bb text_font=\u00bbGothamBook||||||||\u00bb text_text_color=\u00bb#000000&#8243; text_font_size=\u00bb16px\u00bb custom_margin=\u00bb||-5px|||\u00bb hover_enabled=\u00bb0&#8243; global_colors_info=\u00bb{}\u00bb sticky_enabled=\u00bb0&#8243;]<\/p>\n<p style=\"font-weight: 300;\">A principis del segle XX, l&#8217;arquitecte Antoni Gaud\u00ed adapt\u00e0 l&#8217;espai interior de la Catedral a les noves exig\u00e8ncies lit\u00fargiques i pastorals. La seva intervenci\u00f3, promoguda pel bisbe Pere Joan Campins, es va executar entre els anys 1904 i 1915. La restauraci\u00f3 lit\u00fargica va recuperar l&#8217;espai dels fidels, la visibilitat del presbiteri coral, de la c\u00e0tedra episcopal i de la Capella de la Trinitat.<\/p>\n<p style=\"font-weight: 300;\">El llegat de la obra de Gaud\u00ed, ha transitat per tot el segle XX en el proc\u00e9s d&#8217;obertura dels vitralls i en l&#8217;actualitzaci\u00f3 art\u00edstica al servei de la lit\u00fargia.<\/p>\n<p style=\"font-weight: 300;\">La darrera contribuci\u00f3 ha estat l&#8217;adaptaci\u00f3 postconciliar de la Capella del Sant\u00edssim a c\u00e0rrec del pintor mallorqu\u00ed, Miquel Barcel\u00f3.<\/p>\n<p style=\"font-weight: 300;\">\u00a0<\/p>\n<p>[\/et_pb_text][\/et_pb_column][et_pb_column type=\u00bb1_3&#8243; _builder_version=\u00bb4.16&#8243; _module_preset=\u00bbdefault\u00bb global_colors_info=\u00bb{}\u00bb][et_pb_image src=\u00bbhttps:\/\/catedraldemallorca.org\/wp-content\/uploads\/2021\/08\/gaudi_catedral_mallorca.jpg\u00bb title_text=\u00bbgaudi_catedral_mallorca\u00bb _builder_version=\u00bb4.16&#8243; _module_preset=\u00bbdefault\u00bb global_colors_info=\u00bb{}\u00bb][\/et_pb_image][\/et_pb_column][\/et_pb_row][\/et_pb_section]<\/p>\n","protected":false},"excerpt":{"rendered":"<p>La Catedral de Mallorca comen\u00e7\u00e0 la seva construcci\u00f3 en el segle XIII i es va concloure en la d\u00e8cada de 1630. La Catedral pertany a la tradici\u00f3 g\u00f2tica mediterr\u00e0nia, per\u00f2 al llarg dels segles, ha incorporat les formes culturals de les \u00e8poques moderna i contempor\u00e0nia. La hist\u00f2ria de la Seu est\u00e0 \u00edntimament lligada a la [&hellip;]<\/p>\n","protected":false},"author":2,"featured_media":0,"parent":3376,"menu_order":0,"comment_status":"closed","ping_status":"closed","template":"","meta":{"_et_pb_use_builder":"on","_et_pb_old_content":"","_et_gb_content_width":"","footnotes":""},"class_list":["post-3232","page","type-page","status-publish","hentry"],"_links":{"self":[{"href":"https:\/\/catedraldemallorca.org\/ca\/wp-json\/wp\/v2\/pages\/3232","targetHints":{"allow":["GET"]}}],"collection":[{"href":"https:\/\/catedraldemallorca.org\/ca\/wp-json\/wp\/v2\/pages"}],"about":[{"href":"https:\/\/catedraldemallorca.org\/ca\/wp-json\/wp\/v2\/types\/page"}],"author":[{"embeddable":true,"href":"https:\/\/catedraldemallorca.org\/ca\/wp-json\/wp\/v2\/users\/2"}],"replies":[{"embeddable":true,"href":"https:\/\/catedraldemallorca.org\/ca\/wp-json\/wp\/v2\/comments?post=3232"}],"version-history":[{"count":19,"href":"https:\/\/catedraldemallorca.org\/ca\/wp-json\/wp\/v2\/pages\/3232\/revisions"}],"predecessor-version":[{"id":7585,"href":"https:\/\/catedraldemallorca.org\/ca\/wp-json\/wp\/v2\/pages\/3232\/revisions\/7585"}],"up":[{"embeddable":true,"href":"https:\/\/catedraldemallorca.org\/ca\/wp-json\/wp\/v2\/pages\/3376"}],"wp:attachment":[{"href":"https:\/\/catedraldemallorca.org\/ca\/wp-json\/wp\/v2\/media?parent=3232"}],"curies":[{"name":"wp","href":"https:\/\/api.w.org\/{rel}","templated":true}]}}

Història

<p>[et_pb_section fb_built=»1&#8243; _builder_version=»4.16&#8243; _module_preset=»default» custom_padding=»20px||||false|false» global_colors_info=»{}»][et_pb_row _builder_version=»4.16&#8243; _module_preset=»default» global_colors_info=»{}»][et_pb_column type=»4_4&#8243; _builder_version=»4.16&#8243; _module_preset=»default» global_colors_info=»{}»][et_pb_text _builder_version=»4.16.0&#8243; _module_preset=»default» text_font=»||||||||» text_text_color=»#000000&#8243; text_font_size=»16px» global_colors_info=»{}»]</p>
<p>La Catedral de Mallorca començà la seva construcció en el segle XIII i es va concloure en la dècada de 1630. La Catedral pertany a la tradició gòtica mediterrània, però al llarg dels segles, ha incorporat les formes culturals de les èpoques moderna i contemporània.</p>
<p>La història de la Seu està íntimament lligada a la monarquia autòctona. Després de la conquesta de Madina Mayurqa el 1229, Jaume I, rei d&#8217;Aragó i comte de Barcelona, ordenà la consagració de l&#8217;antiga mesquita major a la Mare de Déu com a temple per al culte cristià i també la construcció de nova planta d’un altre temple que fos conforme a l&#8217;estil d&#8217;aquella època, aprofitant part de l’espai de l’antiga mesquita.</p>
<p>[/et_pb_text][/et_pb_column][/et_pb_row][et_pb_row column_structure=»2_3,1_3&#8243; _builder_version=»4.16&#8243; _module_preset=»default» custom_padding=»||0px|||» global_colors_info=»{}»][et_pb_column type=»2_3&#8243; _builder_version=»4.16&#8243; _module_preset=»default» global_colors_info=»{}»][et_pb_text _builder_version=»4.16&#8243; _module_preset=»default» header_font=»Gotham Medium||||||||» header_font_size=»38px» header_2_font_size=»22px» global_colors_info=»{}»]</p>
<h2><strong><span lang="CA">Segles XIII &#8211; XIV</span></strong></h2>
<p>[/et_pb_text][et_pb_text _builder_version=»4.16.0&#8243; _module_preset=»default» text_font=»GothamBook||||||||» text_text_color=»#000000&#8243; text_font_size=»16px» hover_enabled=»0&#8243; global_colors_info=»{}» sticky_enabled=»0&#8243;]Els primers documents històrics relacionats amb l&#8217;obra de la Seu daten a partir del 1230. El bisbe Pere de Morella consagrà l&#8217;ara de l&#8217;altar major. I durant el regnat de Jaume II (1276-1311) començà la construcció de l&#8217;edifici que coneixem avui.</p>
<p>Devers la segona meitat del segle XIII, s&#8217;inicià la nova fàbrica, localitzada en l&#8217;actual capçalera. Aquesta està integrada per la Capella Reial i conserva l&#8217;espai destinat als sepulcres dels monarques de la Casa Reial de Mallorca. És coneguda com la Capella de la Trinitat.[/et_pb_text][/et_pb_column][et_pb_column type=»1_3&#8243; _builder_version=»4.16&#8243; _module_preset=»default» global_colors_info=»{}»][et_pb_image src=»https://catedraldemallorca.org/wp-content/uploads/2021/08/Catedral_palma_fachada_original.jpg» title_text=»Catedral_palma_fachada_original» _builder_version=»4.16&#8243; _module_preset=»default» global_colors_info=»{}»][/et_pb_image][/et_pb_column][/et_pb_row][et_pb_row _builder_version=»4.16&#8243; _module_preset=»default» global_colors_info=»{}»][et_pb_column type=»4_4&#8243; _builder_version=»4.16&#8243; _module_preset=»default» global_colors_info=»{}»][et_pb_text _builder_version=»4.16&#8243; _module_preset=»default» header_font=»Gotham Medium||||||||» header_font_size=»38px» header_2_font_size=»22px» global_colors_info=»{}»]</p>
<h2 style="font-weight: 300;"><b><strong>Segles</strong></b><b><strong> XV – XVI</strong></b></h2>
<p>[/et_pb_text][et_pb_text _builder_version=»4.16.0&#8243; _module_preset=»default» text_font=»GothamBook||||||||» text_text_color=»#000000&#8243; text_font_size=»16px» hover_enabled=»0&#8243; global_colors_info=»{}» sticky_enabled=»0&#8243;]</p>
<p style="font-weight: 300;">En el 1498 es finalitzà l&#8217;obra de la torre del campanar. Consta de nou campanes, la major és coneguda com Eloi.</p>
<p style="font-weight: 300;">En el segle XV, es conclou la part constructiva corresponent a la <em>Obra vella </em>de la Seu, que incorpora l&#8217;espai fins els dos portals: el del Mirador i el de l&#8217;Almoina.</p>
<p style="font-weight: 300;">A principis del segle XVI es va iniciar la construcció del recinte del cor en el centre de la nau principal.</p>
<p style="font-weight: 300;">Des de la dècada de 1570, es decideix la finalització constructiva de la Catedral amb la fàbrica de la <em>Obra Nova,que integra les quatre darreres navades, aixeca la façana principal i basteix el seu portal major.</em></p>
<p>[/et_pb_text][/et_pb_column][/et_pb_row][et_pb_row column_structure=»2_3,1_3&#8243; _builder_version=»4.16&#8243; _module_preset=»default» custom_padding=»||0px|||» global_colors_info=»{}»][et_pb_column type=»2_3&#8243; _builder_version=»4.16&#8243; _module_preset=»default» global_colors_info=»{}»][et_pb_text _builder_version=»4.16&#8243; _module_preset=»default» header_font=»Gotham Medium||||||||» header_font_size=»38px» header_2_font_size=»22px» global_colors_info=»{}»]</p>
<h2 style="font-weight: 300;"><b><strong>Segles</strong></b><b><strong> XVII – XVIII</strong></b></h2>
<p>[/et_pb_text][et_pb_text _builder_version=»4.16.0&#8243; _module_preset=»default» text_font=»GothamBook||||||||» text_text_color=»#000000&#8243; text_font_size=»16px» hover_enabled=»0&#8243; global_colors_info=»{}» sticky_enabled=»0&#8243;]</p>
<p style="font-weight: 300;">És durant els segles XVII i XVIII quan el barroc comença a impregnar l&#8217;interior de la Seu, en forma de retaules, pintures i escultures marcades per l&#8217;espiritualitat post-tridentina.</p>
<p style="font-weight: 300;">D&#8217;aquesta època s&#8217;han de destacar peces tan emblemàtiques com el retaule del Corpus Christi, el claustre i la nova sala capitular.</p>
<p style="font-weight: 300;"> </p>
<p>[/et_pb_text][/et_pb_column][et_pb_column type=»1_3&#8243; _builder_version=»4.16&#8243; _module_preset=»default» global_colors_info=»{}»][et_pb_image src=»https://catedraldemallorca.org/wp-content/uploads/2021/08/Seu_Obres_SXIX.jpg» title_text=»Seu_Obres_SXIX» _builder_version=»4.16&#8243; _module_preset=»default» global_colors_info=»{}»][/et_pb_image][/et_pb_column][/et_pb_row][et_pb_row _builder_version=»4.16&#8243; _module_preset=»default» custom_margin=»|auto|20px|auto|false|false» custom_padding=»||0px||false|false» global_colors_info=»{}»][et_pb_column type=»4_4&#8243; _builder_version=»4.16&#8243; _module_preset=»default» global_colors_info=»{}»][et_pb_text _builder_version=»4.16&#8243; _module_preset=»default» header_font=»Gotham Medium||||||||» header_font_size=»38px» header_2_font_size=»22px» global_colors_info=»{}»]</p>
<h2 style="font-weight: 300;"><b><strong>Segle</strong></b><b><strong> XIX</strong></b></h2>
<p>[/et_pb_text][et_pb_text _builder_version=»4.16.0&#8243; _module_preset=»default» text_font=»GothamBook||||||||» text_text_color=»#000000&#8243; text_font_size=»16px» custom_margin=»||2px|||» hover_enabled=»0&#8243; global_colors_info=»{}» sticky_enabled=»0&#8243;]A causa de la runa històrica de la fàbrica constructiva, i agreujada pel terratrèmol de 1851, el conjunt de la façana principal es posà en perill. La restauració monumental de la Catedral, amb la nova façana principal, va ser obra de l&#8217;arquitecte madrileny Juan Bautista Peyronnet.[/et_pb_text][/et_pb_column][/et_pb_row][et_pb_row column_structure=»2_3,1_3&#8243; _builder_version=»4.16&#8243; _module_preset=»default» global_colors_info=»{}»][et_pb_column type=»2_3&#8243; _builder_version=»4.16&#8243; _module_preset=»default» global_colors_info=»{}»][et_pb_text _builder_version=»4.16&#8243; _module_preset=»default» header_font=»Gotham Medium||||||||» header_font_size=»38px» header_2_font_size=»22px» global_colors_info=»{}»]</p>
<h2 style="font-weight: 300;"><b><strong>Segles XX-XXI</strong></b></h2>
<p>[/et_pb_text][et_pb_text _builder_version=»4.16.0&#8243; _module_preset=»default» text_font=»GothamBook||||||||» text_text_color=»#000000&#8243; text_font_size=»16px» custom_margin=»||-5px|||» hover_enabled=»0&#8243; global_colors_info=»{}» sticky_enabled=»0&#8243;]</p>
<p style="font-weight: 300;">A principis del segle XX, l&#8217;arquitecte Antoni Gaudí adaptà l&#8217;espai interior de la Catedral a les noves exigències litúrgiques i pastorals. La seva intervenció, promoguda pel bisbe Pere Joan Campins, es va executar entre els anys 1904 i 1915. La restauració litúrgica va recuperar l&#8217;espai dels fidels, la visibilitat del presbiteri coral, de la càtedra episcopal i de la Capella de la Trinitat.</p>
<p style="font-weight: 300;">El llegat de la obra de Gaudí, ha transitat per tot el segle XX en el procés d&#8217;obertura dels vitralls i en l&#8217;actualització artística al servei de la litúrgia.</p>
<p style="font-weight: 300;">La darrera contribució ha estat l&#8217;adaptació postconciliar de la Capella del Santíssim a càrrec del pintor mallorquí, Miquel Barceló.</p>
<p style="font-weight: 300;"> </p>
<p>[/et_pb_text][/et_pb_column][et_pb_column type=»1_3&#8243; _builder_version=»4.16&#8243; _module_preset=»default» global_colors_info=»{}»][et_pb_image src=»https://catedraldemallorca.org/wp-content/uploads/2021/08/gaudi_catedral_mallorca.jpg» title_text=»gaudi_catedral_mallorca» _builder_version=»4.16&#8243; _module_preset=»default» global_colors_info=»{}»][/et_pb_image][/et_pb_column][/et_pb_row][/et_pb_section]</p>

<p>La Catedral de Mallorca començà la seva construcció en el segle XIII i es va concloure en la dècada de 1630. La Catedral pertany a la tradició gòtica mediterrània, però al llarg dels segles, ha incorporat les formes culturals de les èpoques moderna i contemporània. La història de la Seu està íntimament lligada a la [&hellip;]</p>
